{"id":3,"date":"2022-06-10T09:07:58","date_gmt":"2022-06-10T09:07:58","guid":{"rendered":"https:\/\/cpgcolombia.org\/?page_id=3"},"modified":"2022-07-04T21:33:05","modified_gmt":"2022-07-04T21:33:05","slug":"politica-de-privacidad","status":"publish","type":"page","link":"https:\/\/cpgcolombia.org\/index.php\/politica-de-privacidad\/","title":{"rendered":"Pol\u00edtica de Privacidad"},"content":{"rendered":"\n<h2 class=\"wp-block-heading\">Qui\u00e9nes Somos<\/h2>\n\n\n\n<p><b>N<\/b>uestro sitio web oficial es: https:\/\/cpgcolombia.org<\/p>\n\n\n\n<h2 class=\"wp-block-heading\">Tratamiento de Datos personales<\/h2>\n\n\n\n<p><strong class=\"privacy-policy-tutorial\">Provacidad: <\/strong>El objetivo de la recolecci\u00f3n y uso de los datos de los usuarios y la comunidad del CPG es el de mantener una comunicaci\u00f3n efectiva, fluida y respetuosa, motivando la participaci\u00f3n, e informando oportunamente lo definido en el Plan Estrat\u00e9gico del Consejo Profesional de Geolog\u00eda. <\/p>\n\n\n\n<p>Los datos recolectados ser\u00e1n usados \u00fanica y exclusivamente por y para funciones propias del CPG.<\/p>\n\n\n\n<h2 class=\"wp-block-heading\">Medios<\/h2>\n\n\n\n<p><strong class=\"privacy-policy-tutorial\">Medios Audiovisuales y Digitales: <\/strong>Procuramos mantener plataformas y canales efectivos para la salvaguarda y el uso de la informaci\u00f3n participativa en medios digitales.<\/p>\n\n\n\n<h2 class=\"wp-block-heading\">Manejo de Cookies<\/h2>\n\n\n\n<p><strong class=\"privacy-policy-tutorial\">Historiales y Datos Sensibles: <\/strong>Los datos sensibles de nuestros clientes son procesados en sitios seguros, y las preferencias de navegaci\u00f3n, gestionadas de acuerdo con los niveles de seguridad configurados por nuestros usuarios, sus redes, equipos de comunicaci\u00f3n y dem\u00e1s variables.<\/p>\n\n\n\n<p><\/p>\n\n\n\n<h2 class=\"wp-block-heading\"><\/h2>\n\n\n\n<p><\/p>\n\n\n\n<p><\/p>\n\n\n\n<h2 class=\"wp-block-heading\"><\/h2>\n\n\n\n<p><\/p>\n\n\n\n<h2 class=\"wp-block-heading\"><\/h2>\n\n\n\n<p><\/p>\n\n\n\n<p><\/p>\n\n\n\n<h2 class=\"wp-block-heading\"><\/h2>\n\n\n\n<p><\/p>\n\n\n\n<h2 class=\"wp-block-heading\"><\/h2>\n\n\n\n<p><\/p>\n","protected":false},"excerpt":{"rendered":"<p>Qui\u00e9nes Somos Nuestro sitio web oficial es: https:\/\/cpgcolombia.org Tratamiento de Datos personales Provacidad: El objetivo de la recolecci\u00f3n y uso de los datos de los usuarios y la comunidad del CPG es el de mantener una comunicaci\u00f3n efectiva, fluida y respetuosa, motivando la participaci\u00f3n, e informando oportunamente lo definido en el Plan Estrat\u00e9gico del Consejo [&hellip;]<\/p>\n","protected":false},"author":1,"featured_media":0,"parent":0,"menu_order":0,"comment_status":"closed","ping_status":"open","template":"","meta":{"_joinchat":[],"footnotes":""},"class_list":["post-3","page","type-page","status-publish","hentry"],"_links":{"self":[{"href":"https:\/\/cpgcolombia.org\/index.php\/wp-json\/wp\/v2\/pages\/3","targetHints":{"allow":["GET"]}}],"collection":[{"href":"https:\/\/cpgcolombia.org\/index.php\/wp-json\/wp\/v2\/pages"}],"about":[{"href":"https:\/\/cpgcolombia.org\/index.php\/wp-json\/wp\/v2\/types\/page"}],"author":[{"embeddable":true,"href":"https:\/\/cpgcolombia.org\/index.php\/wp-json\/wp\/v2\/users\/1"}],"replies":[{"embeddable":true,"href":"https:\/\/cpgcolombia.org\/index.php\/wp-json\/wp\/v2\/comments?post=3"}],"version-history":[{"count":2,"href":"https:\/\/cpgcolombia.org\/index.php\/wp-json\/wp\/v2\/pages\/3\/revisions"}],"predecessor-version":[{"id":4699,"href":"https:\/\/cpgcolombia.org\/index.php\/wp-json\/wp\/v2\/pages\/3\/revisions\/4699"}],"wp:attachment":[{"href":"https:\/\/cpgcolombia.org\/index.php\/wp-json\/wp\/v2\/media?parent=3"}],"curies":[{"name":"wp","href":"https:\/\/api.w.org\/{rel}","templated":true}]}}