{"id":1148,"date":"2019-11-08T07:35:28","date_gmt":"2019-11-08T07:35:28","guid":{"rendered":"https:\/\/thegov.wgl-demo.net\/?page_id=1148"},"modified":"2022-09-07T04:47:46","modified_gmt":"2022-09-07T04:47:46","slug":"historia","status":"publish","type":"page","link":"https:\/\/cpgcolombia.org\/index.php\/historia\/","title":{"rendered":"Nuestra Historia"},"content":{"rendered":"\t\t<div data-elementor-type=\"wp-page\" data-elementor-id=\"1148\" class=\"elementor elementor-1148\">\n\t\t\t\t\t\t<section class=\"elementor-section elementor-top-section elementor-element elementor-element-7e9e5c4 elementor-section-boxed elementor-section-height-default elementor-section-height-default\" data-id=\"7e9e5c4\" data-element_type=\"section\" data-e-type=\"section\">\n\t\t\t\t\t\t<div class=\"elementor-container elementor-column-gap-default\">\n\t\t\t\t\t<div class=\"elementor-column elementor-col-100 elementor-top-column elementor-element elementor-element-e64b173\" data-id=\"e64b173\" data-element_type=\"column\" data-e-type=\"column\">\n\t\t\t<div class=\"elementor-widget-wrap elementor-element-populated\">\n\t\t\t\t\t\t<div class=\"elementor-element elementor-element-cec02ea divider_yes elementor-widget elementor-widget-wgl-double-headings\" data-id=\"cec02ea\" data-element_type=\"widget\" data-e-type=\"widget\" data-widget_type=\"wgl-double-headings.default\">\n\t\t\t\t<div class=\"elementor-widget-container\">\n\t\t\t\t\t<div class=\"wgl-double_heading acenter\">                <h3 class=\"dbl-title_wrapper\"><span class=\"dbl-title dbl-title_1\">Historia del CPG<\/span>                 <\/h3>        <\/div>\t\t\t\t<\/div>\n\t\t\t\t<\/div>\n\t\t\t\t\t<\/div>\n\t\t<\/div>\n\t\t\t\t\t<\/div>\n\t\t<\/section>\n\t\t\t\t<section class=\"elementor-section elementor-top-section elementor-element elementor-element-636df2f elementor-section-boxed elementor-section-height-default elementor-section-height-default\" data-id=\"636df2f\" data-element_type=\"section\" data-e-type=\"section\">\n\t\t\t\t\t\t<div class=\"elementor-container elementor-column-gap-default\">\n\t\t\t\t\t<div class=\"elementor-column elementor-col-100 elementor-top-column elementor-element elementor-element-3fd6291\" data-id=\"3fd6291\" data-element_type=\"column\" data-e-type=\"column\">\n\t\t\t<div class=\"elementor-widget-wrap elementor-element-populated\">\n\t\t\t\t\t\t<div class=\"elementor-element elementor-element-b2e24dd elementor-widget elementor-widget-spacer\" data-id=\"b2e24dd\" data-element_type=\"widget\" data-e-type=\"widget\" data-widget_type=\"spacer.default\">\n\t\t\t\t<div class=\"elementor-widget-container\">\n\t\t\t\t\t\t\t<div class=\"elementor-spacer\">\n\t\t\t<div class=\"elementor-spacer-inner\"><\/div>\n\t\t<\/div>\n\t\t\t\t\t\t<\/div>\n\t\t\t\t<\/div>\n\t\t\t\t\t<\/div>\n\t\t<\/div>\n\t\t\t\t\t<\/div>\n\t\t<\/section>\n\t\t\t\t<section class=\"elementor-section elementor-top-section elementor-element elementor-element-e07ef57 elementor-section-boxed elementor-section-height-default elementor-section-height-default\" data-id=\"e07ef57\" data-element_type=\"section\" data-e-type=\"section\">\n\t\t\t\t\t\t<div class=\"elementor-container elementor-column-gap-default\">\n\t\t\t\t\t<div class=\"elementor-column elementor-col-100 elementor-top-column elementor-element elementor-element-475d549\" data-id=\"475d549\" data-element_type=\"column\" data-e-type=\"column\">\n\t\t\t<div class=\"elementor-widget-wrap elementor-element-populated\">\n\t\t\t\t\t\t<div class=\"elementor-element elementor-element-b21ef22 elementor-widget elementor-widget-text-editor\" data-id=\"b21ef22\" data-element_type=\"widget\" data-e-type=\"widget\" data-widget_type=\"text-editor.default\">\n\t\t\t\t<div class=\"elementor-widget-container\">\n\t\t\t\t\t\t\t\t\t<p style=\"text-align: center;\">Un recorrido por los hechos m\u00e1s relevantes del Consejo Profesional de Geolog\u00eda \/ Colombia desde sus or\u00edgenes.<\/p>\t\t\t\t\t\t\t\t<\/div>\n\t\t\t\t<\/div>\n\t\t\t\t\t<\/div>\n\t\t<\/div>\n\t\t\t\t\t<\/div>\n\t\t<\/section>\n\t\t\t\t<section class=\"elementor-section elementor-top-section elementor-element elementor-element-34dbc7a elementor-section-boxed elementor-section-height-default elementor-section-height-default\" data-id=\"34dbc7a\" data-element_type=\"section\" data-e-type=\"section\">\n\t\t\t\t\t\t<div class=\"elementor-container elementor-column-gap-default\">\n\t\t\t\t\t<div class=\"elementor-column elementor-col-100 elementor-top-column elementor-element elementor-element-17f234e\" data-id=\"17f234e\" data-element_type=\"column\" data-e-type=\"column\">\n\t\t\t<div class=\"elementor-widget-wrap elementor-element-populated\">\n\t\t\t\t\t\t<div class=\"elementor-element elementor-element-8317974 elementor-widget elementor-widget-spacer\" data-id=\"8317974\" data-element_type=\"widget\" data-e-type=\"widget\" data-widget_type=\"spacer.default\">\n\t\t\t\t<div class=\"elementor-widget-container\">\n\t\t\t\t\t\t\t<div class=\"elementor-spacer\">\n\t\t\t<div class=\"elementor-spacer-inner\"><\/div>\n\t\t<\/div>\n\t\t\t\t\t\t<\/div>\n\t\t\t\t<\/div>\n\t\t\t\t\t<\/div>\n\t\t<\/div>\n\t\t\t\t\t<\/div>\n\t\t<\/section>\n\t\t\t\t<section class=\"elementor-section elementor-top-section elementor-element elementor-element-e550b80 elementor-section-boxed elementor-section-height-default elementor-section-height-default\" data-id=\"e550b80\" data-element_type=\"section\" data-e-type=\"section\">\n\t\t\t\t\t\t<div class=\"elementor-container elementor-column-gap-default\">\n\t\t\t\t\t<div class=\"elementor-column elementor-col-100 elementor-top-column elementor-element elementor-element-4825cd9\" data-id=\"4825cd9\" data-element_type=\"column\" data-e-type=\"column\">\n\t\t\t<div class=\"elementor-widget-wrap elementor-element-populated\">\n\t\t\t\t\t\t<div class=\"elementor-element elementor-element-dcbafce elementor-widget elementor-widget-wgl-time-line-vertical\" data-id=\"dcbafce\" data-element_type=\"widget\" data-e-type=\"widget\" data-widget_type=\"wgl-time-line-vertical.default\">\n\t\t\t\t<div class=\"elementor-widget-container\">\n\t\t\t\t\t        <div class=\"wgl-timeline-vertical start-def appear_anim\">\r\n\r\n        <div class=\"time_line-start_image\">\r\n            <div class=\"time_line-curve\"><svg xmlns=\"http:\/\/www.w3.org\/2000\/svg\" x=\"0px\" y=\"0px\" viewBox=\"0 0 65.8 167.9\" style=\"enable-background:new 0 0 65.8 167.9;\">\r\n            <path d=\"M8,167.5c-4.2-13.8-6.5-28.5-6.5-43.7C1.5,73.2,26.6,28.4,65,1.2\"\/>\r\n        <\/svg><\/div>        <\/div>\r\n\r\n        <div class=\"time_line-items_wrap\">            <div class=\"time_line-item\">                    <div class=\"time_line-date\">1970<\/div>                <div class=\"time_line-media\" style=\"background-image: url(https:\/\/cpgcolombia.org\/app\/uploads\/2022\/06\/archaeology-59167_1920.jpg); background-position: center center;\"><\/div>\r\n                <div class=\"time_line-content\">                            <h3 class=\"time_line-title\">Or\u00edgenes<\/h3>                            <div class=\"time_line-text\"><p><span style=\"font-weight: 400\">Cuando iniciaba la d\u00e9cada del 70 del siglo pasado, la licencia para ejercer la profesi\u00f3n de Ge\u00f3logo en Colombia la conced\u00eda el Consejo Profesional de Ingenier\u00eda y Arquitectura (hoy Consejo Profesional Nacional de Ingenier\u00eda \u2013 COPNIA). <br \/>La Geolog\u00eda era s\u00f3lo una profesi\u00f3n auxiliar a la ingenier\u00eda, una disciplina de segunda o tercera categor\u00eda.<\/span><\/p><\/div>                <\/div>\r\n                <div class=\"time_line-curve\"><svg xmlns=\"http:\/\/www.w3.org\/2000\/svg\" x=\"0px\" y=\"0px\" viewBox=\"0 0 65.8 167.9\" style=\"enable-background:new 0 0 65.8 167.9;\">\r\n            <path d=\"M8,167.5c-4.2-13.8-6.5-28.5-6.5-43.7C1.5,73.2,26.6,28.4,65,1.2\"\/>\r\n        <\/svg><\/div>\r\n            <\/div>            <div class=\"time_line-item\">                    <div class=\"time_line-date\">1974<\/div>                <div class=\"time_line-media\" style=\"background-image: url(https:\/\/cpgcolombia.org\/app\/uploads\/2022\/06\/Screen-Shot-2022-06-26-at-2.39.55-PM.png); background-position: center center;\"><\/div>\r\n                <div class=\"time_line-content\">                            <h3 class=\"time_line-title\">Creaci\u00f3n<\/h3>                            <div class=\"time_line-text\"><p><span style=\"font-weight: 400\">Tras una lucha de casi 10 a\u00f1os en distintas instancias del gobierno, encabezada por Guillermo Ujueta (Ge\u00f3logo de la Universidad Nacional de Colombia), el 30 de septiembre de 1974 se crea el Consejo Profesional de Geolog\u00eda (CPG), tras la promulgaci\u00f3n de la Ley 9, firmada por Julio Cesar Turbay Ayala, entonces Presidente del Senado, y Luis Villar Borda, Presidente de la C\u00e1mara de Representantes. Solo hasta ese momento el gremio geol\u00f3gico alcanzaba<\/span><span style=\"font-weight: 400\"> independencia e identidad en una entidad capaz de controlar y vigilar <\/span><span style=\"font-weight: 400\">cuestiones y problemas relacionados con la aplicaci\u00f3n de la geolog\u00eda al desarrollo del pa\u00eds.<\/span><\/p><\/div>                <\/div>\r\n                <div class=\"time_line-curve\"><svg xmlns=\"http:\/\/www.w3.org\/2000\/svg\" x=\"0px\" y=\"0px\" viewBox=\"0 0 65.8 167.9\" style=\"enable-background:new 0 0 65.8 167.9;\">\r\n            <path d=\"M8,167.5c-4.2-13.8-6.5-28.5-6.5-43.7C1.5,73.2,26.6,28.4,65,1.2\"\/>\r\n        <\/svg><\/div>\r\n            <\/div>            <div class=\"time_line-item\">                    <div class=\"time_line-date\">1976<\/div>                <div class=\"time_line-media\" style=\"background-image: url(https:\/\/cpgcolombia.org\/app\/uploads\/2022\/06\/download.jpg); background-position: center center;\"><\/div>\r\n                <div class=\"time_line-content\">                            <h3 class=\"time_line-title\">Primeros a\u00f1os<\/h3>                            <div class=\"time_line-text\"><p><span style=\"font-weight: 400\">El proceso de poner en funcionamiento el CPG fue largo. Hubo que mandar muchas cartas a universidades e instituciones del Estado, para que la entidad fuera reconocida. Guillermo Ujueta lo presidi\u00f3 desde 1976 hasta 1978.<\/span><\/p><\/div>                <\/div>\r\n                <div class=\"time_line-curve\"><svg xmlns=\"http:\/\/www.w3.org\/2000\/svg\" x=\"0px\" y=\"0px\" viewBox=\"0 0 65.8 167.9\" style=\"enable-background:new 0 0 65.8 167.9;\">\r\n            <path d=\"M8,167.5c-4.2-13.8-6.5-28.5-6.5-43.7C1.5,73.2,26.6,28.4,65,1.2\"\/>\r\n        <\/svg><\/div>\r\n            <\/div>            <div class=\"time_line-item\">                    <div class=\"time_line-date\">1978<\/div>                <div class=\"time_line-media\" style=\"background-image: url(https:\/\/cpgcolombia.org\/app\/uploads\/2022\/06\/ejmatricula.jpg); background-position: center center;\"><\/div>\r\n                <div class=\"time_line-content\">                            <h3 class=\"time_line-title\">Primera Matr\u00edcula<\/h3>                            <div class=\"time_line-text\"><p><span style=\"font-weight: 400\">El 9 de febrero de ese a\u00f1o el Consejo se reuni\u00f3 en la sede de AGUNAL (Asociaci\u00f3n de Ge\u00f3logos Egresados de la UN) de Bogot\u00e1, en la Calle 53 al occidente de la Avenida Caracas. Se aprob\u00f3 la matr\u00edcula profesional No. 001 a Guillermo Ujueta Lozano; el documento fue firmado por Ujueta como presidente y Jorge A. Brieva de la Universidad Nacional de Colombia Sede Bogot\u00e1, como secretario. En 1978 se aprobaron 107 matr\u00edculas.<\/span><\/p><\/div>                <\/div>\r\n                <div class=\"time_line-curve\"><svg xmlns=\"http:\/\/www.w3.org\/2000\/svg\" x=\"0px\" y=\"0px\" viewBox=\"0 0 65.8 167.9\" style=\"enable-background:new 0 0 65.8 167.9;\">\r\n            <path d=\"M8,167.5c-4.2-13.8-6.5-28.5-6.5-43.7C1.5,73.2,26.6,28.4,65,1.2\"\/>\r\n        <\/svg><\/div>\r\n            <\/div>        <\/div>\r\n        <\/div>\t\t\t\t<\/div>\n\t\t\t\t<\/div>\n\t\t\t\t\t<\/div>\n\t\t<\/div>\n\t\t\t\t\t<\/div>\n\t\t<\/section>\n\t\t\t\t<\/div>\n\t\t","protected":false},"excerpt":{"rendered":"<p>Historia del CPG Un recorrido por los hechos m\u00e1s relevantes del Consejo Profesional de Geolog\u00eda \/ Colombia desde sus or\u00edgenes. 1970 Or\u00edgenes Cuando iniciaba la d\u00e9cada del 70 del siglo pasado, la licencia para ejercer la profesi\u00f3n de Ge\u00f3logo en Colombia la conced\u00eda el Consejo Profesional de Ingenier\u00eda y Arquitectura (hoy Consejo Profesional Nacional de [&hellip;]<\/p>\n","protected":false},"author":1,"featured_media":0,"parent":0,"menu_order":0,"comment_status":"closed","ping_status":"closed","template":"","meta":{"_joinchat":[],"footnotes":""},"class_list":["post-1148","page","type-page","status-publish","hentry"],"_links":{"self":[{"href":"https:\/\/cpgcolombia.org\/index.php\/wp-json\/wp\/v2\/pages\/1148","targetHints":{"allow":["GET"]}}],"collection":[{"href":"https:\/\/cpgcolombia.org\/index.php\/wp-json\/wp\/v2\/pages"}],"about":[{"href":"https:\/\/cpgcolombia.org\/index.php\/wp-json\/wp\/v2\/types\/page"}],"author":[{"embeddable":true,"href":"https:\/\/cpgcolombia.org\/index.php\/wp-json\/wp\/v2\/users\/1"}],"replies":[{"embeddable":true,"href":"https:\/\/cpgcolombia.org\/index.php\/wp-json\/wp\/v2\/comments?post=1148"}],"version-history":[{"count":21,"href":"https:\/\/cpgcolombia.org\/index.php\/wp-json\/wp\/v2\/pages\/1148\/revisions"}],"predecessor-version":[{"id":3601,"href":"https:\/\/cpgcolombia.org\/index.php\/wp-json\/wp\/v2\/pages\/1148\/revisions\/3601"}],"wp:attachment":[{"href":"https:\/\/cpgcolombia.org\/index.php\/wp-json\/wp\/v2\/media?parent=1148"}],"curies":[{"name":"wp","href":"https:\/\/api.w.org\/{rel}","templated":true}]}}